rue
Does 33 divide 22013343?
True
Is 1153146 a multiple of 11?
False
Does 86 divide 1346072?
True
Does 7 divide 1438448?
False
Is 6 a factor of 315371?
False
Is 25 a factor of 36150?
True
Is 2646471 a multiple of 894?
False
Is 31064 a multiple of 164?
False
Is 36 a factor of 64656?
True
Is 14314870 a multiple of 1891?
True
Does 10 divide 6156299?
False
Does 13 divide 36400?
True
Is 135156 a multiple of 84?
True
Does 5 divide 1608209?
False
Does 13 divide 158444?
True
Is 95 a factor of 8828730?
True
Is 522861 a multiple of 145?
False
Is 57 a factor of 2414976?
True
Is 20 a factor of 3179740?
True
Is 335381 a multiple of 53?
False
Is 5936 a multiple of 2?
True
Does 286 divide 13207?
False
Does 27 divide 232767?
True
Is 14 a factor of 1071264?
False
Is 155033 a multiple of 9?
False
Is 611040 a multiple of 5?
True
Is 316 a factor of 212934?
False
Is 19 a factor of 2621700?
False
Is 186 a factor of 331824?
True
Does 75 divide 10227450?
True
Is 34070 a multiple of 211?
False
Is 5166 a multiple of 21?
True
Does 8 divide 263080?
True
Does 32 divide 419840?
True
Is 2214673 a multiple of 1430?
False
Is 410319 a multiple of 27?
True
Is 526 a factor of 848438?
True
Is 1888 a multiple of 22?
False
Is 189585 a multiple of 45?
True
Does 43 divide 251722?
True
Is 53 a factor of 2291?
False
Is 51 a factor of 3644052?
True
Is 186 a factor of 2513160?
False
Is 35 a factor of 3536995?
True
Is 2937717 a multiple of 627?
False
Is 275390 a multiple of 5?
True
Does 245 divide 37942?
False
Is 1018244 a multiple of 83?
True
Is 10830 a multiple of 15?
True
Does 4 divide 353137?
False
Does 4 divide 248552?
True
Is 8183 a multiple of 7?
True
Is 51544 a multiple of 69?
False
Is 477 a factor of 64395?
True
Is 1042896 a multiple of 9?
False
Does 916 divide 6117048?
True
Is 12 a factor of 30737?
False
Is 156322 a multiple of 3?
False
Is 185988 a multiple of 87?
False
Does 160 divide 4375040?
True
Does 6 divide 370074?
True
Is 197 a factor of 4206598?
False
Does 27 divide 2015169?
False
Does 6 divide 114845?
False
Does 237 divide 4978659?
True
Does 11 divide 689713?
False
Is 3262924 a multiple of 917?
False
Does 40 divide 133640?
True
Is 10698192 a multiple of 137?
False
Is 14 a factor of 533750?
True
Is 2 a factor of 901628?
True
Is 9 a factor of 7672518?
True
Is 110 a factor of 25657?
False
Is 22 a factor of 5272956?
False
Does 376 divide 413600?
True
Is 646 a factor of 2711262?
True
Does 37 divide 130462?
True
Is 2 a factor of 3583648?
True
Is 39 a factor of 6298305?
True
Is 1345 a factor of 2293225?
True
Does 32 divide 3952370?
False
Does 103 divide 1110649?
True
Does 1092 divide 1401036?
True
Is 2467308 a multiple of 111?
True
Is 581994 a multiple of 149?
True
Does 601 divide 11663236?
False
Is 5674580 a multiple of 10?
True
Is 297 a factor of 157482?
False
Does 205 divide 91635?
True
Is 27 a factor of 3146429?
False
Is 1705890 a multiple of 234?
False
Is 153 a factor of 2282727?
False
Is 518 a factor of 6812524?
False
Is 280 a factor of 1166200?
True
Does 14 divide 14007182?
True
Is 11 a factor of 219538?
True
Is 89932 a multiple of 10?
False
Does 619 divide 1789150?
False
Does 34 divide 177830?
False
Is 3119501 a multiple of 29?
True
Does 83 divide 104408?
False
Does 30 divide 85590?
True
Does 6 divide 325511?
False
Does 38 divide 804636?
False
Is 1236225 a multiple of 112?
False
Does 56 divide 2933260?
False
Does 421 divide 4003710?
True
Does 129 divide 128871?
True
Does 97 divide 4615066?
True
Does 56 divide 37436?
False
Is 93391 a multiple of 61?
True
Is 48 a factor of 15600?
True
Is 5768139 a multiple of 22?
False
Is 864565 a multiple of 235?
True
Is 6 a factor of 4978574?
False
Is 1412453 a multiple of 161?
True
Does 137 divide 89324?
True
Is 198125 a multiple of 125?
True
Is 95 a factor of 167790?
False
Is 167 a factor of 1668664?
True
Is 165 a factor of 5120516?
False
Is 769 a factor of 5586785?
True
Is 383 a factor of 5743?
False
Is 195 a factor of 110149?
False
Is 121 a factor of 2404270?
True
Is 33 a factor of 30707?
False
Is 15 a factor of 2579737?
False
Is 845937 a multiple of 7?
False
Does 670 divide 100500?
True
Is 859776 a multiple of 96?
True
Is 3919745 a multiple of 684?
False
Is 140756 a multiple of 20?
False
Is 88 a factor of 1924296?
True
Does 15 divide 202484?
False
Is 32164 a multiple of 34?
True
Is 22209084 a multiple of 71?
True
Is 34555 a multiple of 4?
False
Is 563 a multiple of 24?
False
Does 340 divide 221340?
True
Is 59823 a multiple of 153?
True
Is 5 a factor of 40970?
True
Does 6 divide 151692?
True
Is 11 a factor of 400609?
True
Is 5894665 a multiple of 35?
True
Does 266 divide 975744?
False
Is 242 a factor of 36748?
False
Does 8 divide 5913?
False
Is 20717242 a multiple of 182?
True
Is 473 a factor of 2398310?
False
Does 363 divide 739893?
False
Is 42783 a multiple of 39?
True
Is 9 a factor of 140526?
True
Is 121905 a multiple of 129?
True
Is 1615 a factor of 2498567?
False
Is 2184732 a multiple of 36?
True
Does 35 divide 4301246?
False
Does 73 divide 23955?
False
Is 11130669 a multiple of 11?
True
Does 10 divide 2181375?
False
Is 29 a factor of 19311941?
True
Does 257 divide 82982?
False
Is 5322 a multiple of 10?
False
Does 52 divide 2472234?
False
Is 58 a factor of 6857688?
True
Is 46 a factor of 71562?
False
Is 80 a factor of 10537108?
False
Is 10596236 a multiple of 17?
True
Is 8 a factor of 158837?
False
Is 20721 a multiple of 8?
False
Is 242237 a multiple of 141?
False
Is 5861 a multiple of 4?
False
Is 142 a factor of 778912?
False
Does 101 divide 68520?
False
Is 2925445 a multiple of 20?
False
Is 285 a factor of 224865?
True
Is 3385992 a multiple of 8?
True
Does 292 divide 1843104?
True
Does 16 divide 60818?
False
Is 826378 a multiple of 28?
False
Is 333914 a multiple of 23?
True
Does 29 divide 27412?
False
Does 22 divide 716936?
True
Does 37 divide 532102?
False
Does 241 divide 3975315?
False
Is 26 a factor of 2316460?
False
Is 35 a factor of 152950?
True
Is 5 a factor of 2630280?
True
Is 49 a factor of 527779?
True
Does 68 divide 20140148?
False
Is 12 a factor of 218784?
True
Is 1618416 a multiple of 18?
True
Is 1811568 a multiple of 292?
True
Is 202502 a multiple of 7?
False
Is 122 a factor of 219886?
False
Does 21 divide 563404?
False
Is 135 a factor of 56970?
True
Is 2957580 a multiple of 27?
True
Is 73 a factor of 10095462?
True
Is 804150 a multiple of 18?
True
Is 68198 a multiple of 48?
False
Does 27 divide 1991370?
False
Is 187412 a multiple of 8?
False
Is 3807908 a multiple of 1118?
True
Does 60 divide 6160?
False
Is 55 a factor of 172535?
True
Does 15 divide 950445?
True
Is 13 a factor of 41730?
True
Is 543326 a multiple of 14?
True
Does 139 divide 215143?
False
Does 23 divide 226657?
False
Is 5562102 a multiple of 2171?
True
Does 5 divide 6218715?
True
Does 33 divide 261364?
False
Is 507 a factor of 518661?
True
Is 130 a factor of 622700?
True
Is 882887 a multiple of 56?
False
Is 37 a factor of 66415?
True
Is 602238 a multiple of 273?
True
Is 267 a factor of 1172130?
True
Does 16 divide 6440992?
True
Does 289 divide 15793850?
True
Does 14 divide 99610?
True
Does 40 divide 3409160?
True
Is 493 a multiple of 9?
False
Is 4911896 a multiple of 22?
True
Is 245147 a multiple of 275?
False
Is 1560 a factor of 8720019?
False
Does 66 divide 452772?
False
Is 5105100 a multiple of 1190?
True
Does 6 divide 634740?
True
Is 103 a factor of 434298?
False
Does 42 divide 19417?
False
Is 4335 a multiple of 29?
False
Does 22 divide 577370?
False
Is 58 a factor of 7912592?
True
Does 3 divide 13163?
False
Does 101 divide 29189?
True
Is 21 a factor of 13634518?
False
Does 17 divide 214386?
False
Does 258 divide 24252?
True
Does 68 divide 370532?
True
Does 38 divide 123348?
True
Does 15 divide 786578?
False
Is 7339632 a multiple of 48?
True
Is 17 a factor of 233509?
False
Is 1701680 a multiple of 12?
False
Is 307 a factor of 689893?
False
Does 10 divide 617690?
True
Does 6 divide 536214?
True
Is 957663 a multiple of 563?
True
Does 8 divide 1517136?
True
Is 6912 a multiple of 256?
True
Is 212964 a multiple of 843?
False
Is 764565 a multiple of 7?
False
Does 27 divide 3428649?
True
Is 539 a factor of 8897638?
False
Is 16 a factor of 3389003?
False
Is 2396786 a multiple of 7?
True
Does 10 divide 376154?
False
Is 6241200 a multiple of 700?
T